20.
7528
Calculate the highest common factor of 63 and 2680503.
21
What is the highest common factor of 23 and 274972429?
23
Calculate the highest common factor of 89088 and 4495.
29
Calculate the highest common divisor of 7416762 and 834.
834
What is the greatest common divisor of 28888288 and 7150?
286
Calculate the highest common factor of 1926 and 905395266.
1926
Calculate the highest common factor of 285483648 and 16.
16
Calculate the greatest common factor of 3735202 and 2.
2
What is the greatest common divisor of 386 and 18649397?
193
What is the highest common divisor of 2586 and 394?
2
Calculate the highest common factor of 1552524 and 103716.
804
What is the greatest common factor of 1361355 and 564?
141
What is the greatest common divisor of 3366 and 324326?
34
What is the greatest common factor of 550440 and 59004?
396
Calculate the highest common divisor of 690 and 2286430.
230
What is the greatest common factor of 695 and 9241415?
695
Calculate the greatest common divisor of 9797172 and 231.
231
Calculate the greatest common divisor of 2168 and 248507.
271
What is the highest common divisor of 1452 and 190740?
132
What is the highest common factor of 437425 and 23225?
25
Calculate the greatest common factor of 11 and 123778237.
11
What is the highest common factor of 176856 and 376?
8
What is the highest common factor of 122778120 and 30?
30
Calculate the greatest common factor of 4 and 209336804.
4
Calculate the highest common factor of 2284266 and 33573.
93
What is the highest common factor of 10825078 and 43?
43
Calculate the greatest common divisor of 531 and 10911932.
59
What is the highest common factor of 9 and 1165524039?
9
Calculate the greatest common factor of 1977400 and 120.
40
Calculate the greatest common divisor of 29216938 and 3868.
1934
Calculate the highest common factor of 3497893 and 5481.
203
What is the highest common factor of 11 and 17204737?
11
What is the highest common factor of 37697 and 11027192?
1639
What is the highest common divisor of 790133 and 1891?
61
Calculate the greatest common divisor of 84315 and 714378.
1533
Calculate the greatest common divisor of 3497 and 747565.
13
Calculate the highest common factor of 4766 and 550308573.
2383
Calculate the highest common divisor of 10965518 and 1262.
1262
What is the greatest common factor of 7362 and 142884?
18
What is the greatest common divisor of 35980 and 54460?
140
Calculate the greatest common factor of 599522 and 83776.
2618
Calculate the greatest common divisor of 313114 and 658.
94
What is the highest common divisor of 2014485 and 133980?
4785
What is the highest common divisor of 40517840 and 352?
176
What is the highest common divisor of 550 and 2662?
22
What is the greatest common divisor of 80 and 10015220?
20
Calculate the greatest common divisor of 165664 and 52772.
668
Calculate the highest common divisor of 6154 and 93602.
34
Calculate the highest common divisor of 3108 and 68961858.
1554
Calculate the greatest common factor of 24993 and 4581.
9
Calculate the greatest common divisor of 4188852 and 828.
828
What is the highest common factor of 5090982 and 192?
6
Calculate the greatest common divisor of 16248 and 764722952.
5416
What is the greatest common factor of 4524 and 41767076?
1508
What is the greatest common factor of 190 and 3526286?
38
What is the highest common divisor of 626005 and 335?
5
Calculate the highest common divisor of 12741148 and 7112.
3556
What is the greatest common divisor of 56 and 162741404?
28
What is the highest common factor of 387 and 58103277?
129
What is the highest common divisor of 50220630 and 180?
90
Calculate the highest common factor of 26631 and 1860942.
807
What is the greatest common divisor of 6205399 and 4271906?
10123
What is the greatest common factor of 10469420 and 40?
20
Calculate the greatest common divisor of 9743536 and 24070.
4814
What is the highest common factor of 581 and 2483523?
7
Calculate the highest common factor of 294090 and 13440.
30
Calculate the highest common factor of 23617 and 550649.
1243
What is the greatest common factor of 4302822 and 1788?
894
What is the greatest common factor of 172985 and 31030?
145
What is the greatest common factor of 59400 and 102900?
300
What is the greatest common factor of 1113 and 104657?
7
Calculate the highest common factor of 11295 and 12053271.
753
Calculate the highest common divisor of 3599435 and 35.
35
Calculate the greatest common factor of 82 and 375796693.
41
What is the highest common factor of 345116 and 43681?
361
Calculate the highest common divisor of 205 and 18932365.
205
What is the greatest common divisor of 180 and 300281010?
30
What is the highest common factor of 26363 and 1413229?
41
Calculate the highest common divisor of 1461831 and 755.
151
What is the greatest common factor of 76 and 35235253?
19
What is the greatest common factor of 22975 and 67540067?
919
What is the greatest common factor of 49 and 115357025?
49
What is the greatest common factor of 1240 and 6639208?
248
Calculate the highest common divisor of 6 and 3871974.
6
Calculate the greatest common divisor of 41096270 and 1090.
1090
What is the highest common factor of 77 and 2093315?
7
What is the highest common factor of 902 and 1715153?
451
What is the highest common divisor of 35880 and 7363005?
195
What is the highest common divisor of 96 and 1245152?
32
What is the highest common factor of 4162 and 54474337?
2081
Calculate the highest common divisor of 81260 and 602786.
34
What is the highest common factor of 665472 and 43904?
128
Calculate the highest common divisor of 1207 and 60548587.
71
Calculate the greatest common divisor of 59192 and 180596.
604
Calculate the greatest common factor of 85408 and 18856.
8
Calculate the highest common factor of 97384 and 221852925.
12173
Calculate the greatest common divisor of 28262 and 156238858.
2174
Calculate the greatest common divisor of 4075 and 911425.
25
Calculate the highest common factor of 11421 and 1406052.
1269
What is the highest common factor of 86 and 5107153?
43
What is the highest common divisor of 83068 and 268337?
19
Calculate the greatest common divisor of 94654 and 4634.
14
What is the greatest common factor of 19 and 126906491?
19
Calculate the greatest common divisor of 2993670 and 610537.
1073
What is the highest common factor of 2706 and 644358?
66
What is the highest common factor of 379890 and 3926870?
670
Calculate the highest common factor of 2547975 and 120522.
159
What is the highest common factor of 1587760 and 110360?
3560
What is the greatest common factor of 128319488 and 58740?
3916
What is the highest common divisor of 2134025 and 425?
25
Calculate the greatest common divisor of 149 and 465625.
149
Calculate the greatest common factor of 25434680 and 40.
40
What is the greatest common factor of 485 and 7876109?
97
What is the greatest common divisor of 490 and 126517118?
98
Calculate the highest common divisor of 26756528 and 256.
16
What is the greatest common divisor of 15 and 72618125?
5
Calculate the greatest common divisor of 1536 and 71992.
8
What is the greatest common divisor of 7732768 and 470272?
5344
What is the highest common divisor of 15049 and 710432?
149
What is the greatest common factor of 382332 and 846204?
1812
What is the highest common divisor of 1958691 and 98952?
399
Calculate the highest common divisor of 397271 and 131119.
1957
What is the highest common divisor of 14846 and 3781162?
1142
Calculate the highest common factor of 2478 and 6667059.
1239
What is the greatest common factor of 1396105725 and 75?
75
What is the highest common divisor of 1023 and 676049?
11
What is the greatest common divisor of 1078 and 485340394?
1078
What is the greatest common divisor of 10101203 and 86721?
211
What is the highest common factor of 6573102 and 498?
498
What is the greatest common factor of 5064108 and 196?
28
Calculate the greatest common factor of 27786 and 51018.
66
Calculate the greatest common factor of 40 and 213577060.
20
Calculate the greatest common divisor of 244881 and 623103.
507
What is the greatest common divisor of 25925 and 5823975?
1525
What is the highest common factor of 666136870 and 6185?
6185
Calculate the greatest co